{"id":97,"date":"2025-07-19T23:42:33","date_gmt":"2025-07-19T23:42:33","guid":{"rendered":"https:\/\/www.xpressdruck.at\/?page_id=97"},"modified":"2025-08-25T13:24:48","modified_gmt":"2025-08-25T13:24:48","slug":"folierungen","status":"publish","type":"page","link":"https:\/\/www.xpressdruck.at\/index.php\/folierungen\/","title":{"rendered":"Folierungen"},"content":{"rendered":"<section class=\"bde-section-97-100 bde-section\">\n  \n\t\n\n\n\n<div class=\"section-container\"><div class=\"bde-columns-97-101 bde-columns\"><div class=\"bde-column-97-102 bde-column\">\n  \n\t\n\n\n\n<h1 class=\"bde-heading-97-105 bde-heading\">\nWerbung, die mitf\u00e4hrt. Sichtschutz, der wirkt.\n<\/h1><div class=\"bde-text-97-106 bde-text\">\nOb Werbefolien f\u00fcr Ihre Firmenfahrzeuge oder Sonnenschutz f\u00fcr Ihre Fenster \u2013 XpressDruck bringt Ihre Botschaft auf die Stra\u00dfe und sorgt f\u00fcr mehr Sichtbarkeit, wo es z\u00e4hlt. Keine Vollfolierungen, daf\u00fcr gezielte L\u00f6sungen mit Stil, Wirkung und Langlebigkeit.\n<\/div><div class=\"bde-button-97-107 bde-button\">\n    \n                                    \n    \n    \n    \n    \n            \n                    \n            \n            \n\n    \n    \n    \n    \n    <a class=\"breakdance-link button-atom button-atom--primary bde-button__button\" href=\"https:\/\/www.xpressdruck.at\/index.php\/kontakt\/\" target=\"_self\" data-type=\"url\"  >\n\n    \n        <span class=\"button-atom__text\">Jetzt Beraten lassen<\/span>\n\n        \n        \n                <\/a>\n\n    \n\n\n<\/div>\n<\/div><div class=\"bde-column-97-103 bde-column\">\n  \n\t\n\n\n\n<div class=\"bde-image-97-104 bde-image\">\n  \n\n\n\n\n\n<figure class=\"breakdance-image breakdance-image--187\">\n\t<div class=\"breakdance-image-container\">\n\t\t<div class=\"breakdance-image-clip\">\n\t\t\t\n\t\t\t\t\n\t\t\t\t\t      \n  \n  \n  \n  \n      \n      <img loading=\"lazy\" decoding=\"async\"\n      class=\"breakdance-image-object\"\n      src=\"https:\/\/www.xpressdruck.at\/wp-content\/uploads\/2025\/08\/PHOTO-2025-07-28-18-38-54-5-1-e1755696142537.jpg\"\n      width=\"832\"\n      height=\"706\"\n      \n      \n                                    srcset=\"https:\/\/www.xpressdruck.at\/wp-content\/uploads\/2025\/08\/PHOTO-2025-07-28-18-38-54-5-1-e1755696142537.jpg 832w, https:\/\/www.xpressdruck.at\/wp-content\/uploads\/2025\/08\/PHOTO-2025-07-28-18-38-54-5-1-e1755696142537-300x255.jpg 300w, https:\/\/www.xpressdruck.at\/wp-content\/uploads\/2025\/08\/PHOTO-2025-07-28-18-38-54-5-1-e1755696142537-768x652.jpg 768w\"\n                                                                      >\n  \n\n\t\t\t\t\t\n\t\t\t\t\t\t<\/div>\n\t<\/div>\n\n\t<\/figure>\n\n<\/div>\n<\/div><\/div><\/div>\n<\/section><section class=\"bde-section-97-108 bde-section\">\n  \n\t\n\n\n\n<div class=\"section-container\"><h2 class=\"bde-heading-97-109 bde-heading\">\nProfessionelle Teilfolierungen &<br>Sichtschutzl\u00f6sungen in Eisenstadt\n<\/h2><div class=\"bde-text-97-110 bde-text\">\nUnsere Folierungsleistungen konzentrieren sich auf das, was f\u00fcr Unternehmen wirklich z\u00e4hlt: gezielte Werbung und funktionale L\u00f6sungen. Wir folieren Autos, Transporter und Schaufenster \u2013 mit hochwertigen Materialien und pr\u00e4ziser Umsetzung. Ideal f\u00fcr alle, die ihre Marke mobil sichtbar machen oder Innenr\u00e4ume effektiv vor Sonne und Blicken sch\u00fctzen m\u00f6chten. Ob Logo, Kontaktdaten oder auff\u00e4lliges Design \u2013 wir setzen Ihre W\u00fcnsche professionell um.\n<\/div><\/div>\n<\/section><section class=\"bde-section-97-111 bde-section\">\n  \n\t\n\n\n\n<div class=\"section-container\"><div class=\"bde-columns-97-112 bde-columns\"><div class=\"bde-column-97-113 bde-column\">\n  \n\t\n\n\n\n<div class=\"bde-div-97-139 bde-div\">\n  \n\t\n\n\n\n<div class=\"bde-grid-97-119 bde-grid\">\n  \n\t\n\n\n\n<div class=\"bde-div-97-121 bde-div\">\n  \n\t\n\n\n\n<div class=\"bde-icon-97-122 bde-icon\">\n\n    \n            <div class=\"bde-icon-icon breakdance-icon-atom\" >\n    \n                    <svg xmlns=\"http:\/\/www.w3.org\/2000\/svg\" width=\"57\" height=\"58\" viewBox=\"0 0 57 58\" fill=\"none\">\r\n<path d=\"M11.8001 53.2001H6.6001L20.4001 29.1001L14.9001 19.5001H20.2001L25.7001 29.1001L11.8001 53.2001Z\" fill=\"#093428\"\/>\r\n<path d=\"M33.8 34.0001H39L36.3 29.1001L44.6 14.7001H39.3L31 29.1001L33.8 34.0001Z\" fill=\"#093428\"\/>\r\n<path d=\"M31.0001 20.0001L28.3001 24.6001L17.1001 5.1001H22.4001L31.0001 20.0001Z\" fill=\"#093428\"\/>\r\n<path d=\"M31.0001 38.3001L28.3001 33.7001L25.4001 38.8001H30.7001L31.0001 38.3001Z\" fill=\"#093428\"\/>\r\n<\/svg>\n        \n        \n        \n            <\/div>\n    \n\n\n<\/div><div class=\"bde-text-97-123 bde-text\">\nTeilfolierungen f\u00fcr Firmenfahrzeuge\n<\/div><div class=\"bde-text-97-125 bde-text\">\nIdeal f\u00fcr Logos, Kontaktdaten und Werbebotschaften.\n<\/div>\n<\/div><div class=\"bde-div-97-134 bde-div\">\n  \n\t\n\n\n\n<div class=\"bde-icon-97-135 bde-icon\">\n\n    \n            <div class=\"bde-icon-icon breakdance-icon-atom\" >\n    \n                    <svg xmlns=\"http:\/\/www.w3.org\/2000\/svg\" width=\"57\" height=\"58\" viewBox=\"0 0 57 58\" fill=\"none\">\r\n<path d=\"M11.8001 53.2001H6.6001L20.4001 29.1001L14.9001 19.5001H20.2001L25.7001 29.1001L11.8001 53.2001Z\" fill=\"#093428\"\/>\r\n<path d=\"M33.8 34.0001H39L36.3 29.1001L44.6 14.7001H39.3L31 29.1001L33.8 34.0001Z\" fill=\"#093428\"\/>\r\n<path d=\"M31.0001 20.0001L28.3001 24.6001L17.1001 5.1001H22.4001L31.0001 20.0001Z\" fill=\"#093428\"\/>\r\n<path d=\"M31.0001 38.3001L28.3001 33.7001L25.4001 38.8001H30.7001L31.0001 38.3001Z\" fill=\"#093428\"\/>\r\n<\/svg>\n        \n        \n        \n            <\/div>\n    \n\n\n<\/div><div class=\"bde-text-97-136 bde-text\">\nFolierung f\u00fcr Schaufenster\n<\/div><div class=\"bde-text-97-137 bde-text\">\nSichtschutz & Werbung in einem \u2013 perfekt f\u00fcr B\u00fcros und Verkaufsfl\u00e4chen.\n<\/div>\n<\/div><div class=\"bde-div-97-130 bde-div\">\n  \n\t\n\n\n\n<div class=\"bde-icon-97-131 bde-icon\">\n\n    \n            <div class=\"bde-icon-icon breakdance-icon-atom\" >\n    \n                    <svg xmlns=\"http:\/\/www.w3.org\/2000\/svg\" width=\"57\" height=\"58\" viewBox=\"0 0 57 58\" fill=\"none\">\r\n<path d=\"M11.8001 53.2001H6.6001L20.4001 29.1001L14.9001 19.5001H20.2001L25.7001 29.1001L11.8001 53.2001Z\" fill=\"#093428\"\/>\r\n<path d=\"M33.8 34.0001H39L36.3 29.1001L44.6 14.7001H39.3L31 29.1001L33.8 34.0001Z\" fill=\"#093428\"\/>\r\n<path d=\"M31.0001 20.0001L28.3001 24.6001L17.1001 5.1001H22.4001L31.0001 20.0001Z\" fill=\"#093428\"\/>\r\n<path d=\"M31.0001 38.3001L28.3001 33.7001L25.4001 38.8001H30.7001L31.0001 38.3001Z\" fill=\"#093428\"\/>\r\n<\/svg>\n        \n        \n        \n            <\/div>\n    \n\n\n<\/div><div class=\"bde-text-97-132 bde-text\">\nSonnenschutzfolien f\u00fcr Fenster\n<\/div><div class=\"bde-text-97-133 bde-text\">\nReduziert Hitze, sch\u00fctzt vor UV-Strahlen und erh\u00f6ht den Komfort im Innenraum.\n<\/div>\n<\/div><div class=\"bde-div-97-126 bde-div\">\n  \n\t\n\n\n\n<div class=\"bde-icon-97-127 bde-icon\">\n\n    \n            <div class=\"bde-icon-icon breakdance-icon-atom\" >\n    \n                    <svg xmlns=\"http:\/\/www.w3.org\/2000\/svg\" width=\"57\" height=\"58\" viewBox=\"0 0 57 58\" fill=\"none\">\r\n<path d=\"M11.8001 53.2001H6.6001L20.4001 29.1001L14.9001 19.5001H20.2001L25.7001 29.1001L11.8001 53.2001Z\" fill=\"#093428\"\/>\r\n<path d=\"M33.8 34.0001H39L36.3 29.1001L44.6 14.7001H39.3L31 29.1001L33.8 34.0001Z\" fill=\"#093428\"\/>\r\n<path d=\"M31.0001 20.0001L28.3001 24.6001L17.1001 5.1001H22.4001L31.0001 20.0001Z\" fill=\"#093428\"\/>\r\n<path d=\"M31.0001 38.3001L28.3001 33.7001L25.4001 38.8001H30.7001L31.0001 38.3001Z\" fill=\"#093428\"\/>\r\n<\/svg>\n        \n        \n        \n            <\/div>\n    \n\n\n<\/div><div class=\"bde-text-97-128 bde-text\">\nBeschriftungen & Aufkleber\n<\/div><div class=\"bde-text-97-129 bde-text\">\nIndividuelle Formen & Designs, wetterfest und langlebig.\n<\/div>\n<\/div>\n<\/div><div class=\"bde-button-97-138 bde-button\">\n    \n                                    \n    \n    \n    \n    \n            \n                    \n            \n            \n\n    \n    \n    \n    \n    <a class=\"breakdance-link button-atom button-atom--primary bde-button__button\" href=\"https:\/\/www.xpressdruck.at\/index.php\/kontakt\/\" target=\"_self\" data-type=\"url\"  >\n\n    \n        <span class=\"button-atom__text\">Jetzt Beraten lassen<\/span>\n\n        \n        \n                <\/a>\n\n    \n\n\n<\/div>\n<\/div>\n<\/div><div class=\"bde-column-97-117 bde-column\">\n  \n\t\n\n\n\n<div class=\"bde-image-97-118 bde-image\">\n  \n\n\n\n\n\n<figure class=\"breakdance-image breakdance-image--172\">\n\t<div class=\"breakdance-image-container\">\n\t\t<div class=\"breakdance-image-clip\">\n\t\t\t\n\t\t\t\t\n\t\t\t\t\t      \n  \n  \n  \n  \n      \n      <img loading=\"lazy\" decoding=\"async\"\n      class=\"breakdance-image-object\"\n      src=\"https:\/\/www.xpressdruck.at\/wp-content\/uploads\/2025\/08\/PHOTO-2025-07-28-18-38-53-6-scaled.jpg\"\n      width=\"2560\"\n      height=\"1920\"\n      \n      \n                                    srcset=\"https:\/\/www.xpressdruck.at\/wp-content\/uploads\/2025\/08\/PHOTO-2025-07-28-18-38-53-6-scaled.jpg 2560w, https:\/\/www.xpressdruck.at\/wp-content\/uploads\/2025\/08\/PHOTO-2025-07-28-18-38-53-6-300x225.jpg 300w, https:\/\/www.xpressdruck.at\/wp-content\/uploads\/2025\/08\/PHOTO-2025-07-28-18-38-53-6-1024x768.jpg 1024w, https:\/\/www.xpressdruck.at\/wp-content\/uploads\/2025\/08\/PHOTO-2025-07-28-18-38-53-6-768x576.jpg 768w, https:\/\/www.xpressdruck.at\/wp-content\/uploads\/2025\/08\/PHOTO-2025-07-28-18-38-53-6-1536x1152.jpg 1536w, https:\/\/www.xpressdruck.at\/wp-content\/uploads\/2025\/08\/PHOTO-2025-07-28-18-38-53-6-2048x1536.jpg 2048w\"\n                                                                      >\n  \n\n\t\t\t\t\t\n\t\t\t\t\t\t<\/div>\n\t<\/div>\n\n\t<\/figure>\n\n<\/div>\n<\/div><\/div><\/div>\n<\/section><section class=\"bde-section-97-140 bde-section\">\n  \n\t\n\n\n\n<div class=\"section-container\"><div class=\"bde-grid-97-144 bde-grid\">\n  \n\t\n\n\n\n<div class=\"bde-div-97-145 bde-div\">\n  \n\t\n\n\n\n<div class=\"bde-icon-97-146 bde-icon\">\n\n    \n            <div class=\"bde-icon-icon breakdance-icon-atom\" >\n    \n                    <svg xmlns=\"http:\/\/www.w3.org\/2000\/svg\" width=\"57\" height=\"58\" viewBox=\"0 0 57 58\" fill=\"none\">\r\n<path d=\"M11.8001 53.2001H6.6001L20.4001 29.1001L14.9001 19.5001H20.2001L25.7001 29.1001L11.8001 53.2001Z\" fill=\"#093428\"\/>\r\n<path d=\"M33.8 34.0001H39L36.3 29.1001L44.6 14.7001H39.3L31 29.1001L33.8 34.0001Z\" fill=\"#093428\"\/>\r\n<path d=\"M31.0001 20.0001L28.3001 24.6001L17.1001 5.1001H22.4001L31.0001 20.0001Z\" fill=\"#093428\"\/>\r\n<path d=\"M31.0001 38.3001L28.3001 33.7001L25.4001 38.8001H30.7001L31.0001 38.3001Z\" fill=\"#093428\"\/>\r\n<\/svg>\n        \n        \n        \n            <\/div>\n    \n\n\n<\/div><div class=\"bde-text-97-147 bde-text\">\nSchnelle Umsetzung\n<\/div><div class=\"bde-text-97-148 bde-text\">\nVon der Idee bis zur fertigen Folierung in wenigen Tagen.\n<\/div>\n<\/div><div class=\"bde-div-97-149 bde-div\">\n  \n\t\n\n\n\n<div class=\"bde-icon-97-150 bde-icon\">\n\n    \n            <div class=\"bde-icon-icon breakdance-icon-atom\" >\n    \n                    <svg xmlns=\"http:\/\/www.w3.org\/2000\/svg\" width=\"57\" height=\"58\" viewBox=\"0 0 57 58\" fill=\"none\">\r\n<path d=\"M11.8001 53.2001H6.6001L20.4001 29.1001L14.9001 19.5001H20.2001L25.7001 29.1001L11.8001 53.2001Z\" fill=\"#093428\"\/>\r\n<path d=\"M33.8 34.0001H39L36.3 29.1001L44.6 14.7001H39.3L31 29.1001L33.8 34.0001Z\" fill=\"#093428\"\/>\r\n<path d=\"M31.0001 20.0001L28.3001 24.6001L17.1001 5.1001H22.4001L31.0001 20.0001Z\" fill=\"#093428\"\/>\r\n<path d=\"M31.0001 38.3001L28.3001 33.7001L25.4001 38.8001H30.7001L31.0001 38.3001Z\" fill=\"#093428\"\/>\r\n<\/svg>\n        \n        \n        \n            <\/div>\n    \n\n\n<\/div><div class=\"bde-text-97-151 bde-text\">\nFaire Preise\n<\/div><div class=\"bde-text-97-152 bde-text\">\nHochwertige Arbeit zu transparenten Konditionen.\n<\/div>\n<\/div><div class=\"bde-div-97-153 bde-div\">\n  \n\t\n\n\n\n<div class=\"bde-icon-97-154 bde-icon\">\n\n    \n            <div class=\"bde-icon-icon breakdance-icon-atom\" >\n    \n                    <svg xmlns=\"http:\/\/www.w3.org\/2000\/svg\" width=\"57\" height=\"58\" viewBox=\"0 0 57 58\" fill=\"none\">\r\n<path d=\"M11.8001 53.2001H6.6001L20.4001 29.1001L14.9001 19.5001H20.2001L25.7001 29.1001L11.8001 53.2001Z\" fill=\"#093428\"\/>\r\n<path d=\"M33.8 34.0001H39L36.3 29.1001L44.6 14.7001H39.3L31 29.1001L33.8 34.0001Z\" fill=\"#093428\"\/>\r\n<path d=\"M31.0001 20.0001L28.3001 24.6001L17.1001 5.1001H22.4001L31.0001 20.0001Z\" fill=\"#093428\"\/>\r\n<path d=\"M31.0001 38.3001L28.3001 33.7001L25.4001 38.8001H30.7001L31.0001 38.3001Z\" fill=\"#093428\"\/>\r\n<\/svg>\n        \n        \n        \n            <\/div>\n    \n\n\n<\/div><div class=\"bde-text-97-155 bde-text\">\nIndividuelles Design\n<\/div><div class=\"bde-text-97-156 bde-text\">\nMa\u00dfgeschneiderte Gestaltung nach Ihren Vorstellungen.\n<\/div>\n<\/div><div class=\"bde-div-97-157 bde-div\">\n  \n\t\n\n\n\n<div class=\"bde-icon-97-158 bde-icon\">\n\n    \n            <div class=\"bde-icon-icon breakdance-icon-atom\" >\n    \n                    <svg xmlns=\"http:\/\/www.w3.org\/2000\/svg\" width=\"57\" height=\"58\" viewBox=\"0 0 57 58\" fill=\"none\">\r\n<path d=\"M11.8001 53.2001H6.6001L20.4001 29.1001L14.9001 19.5001H20.2001L25.7001 29.1001L11.8001 53.2001Z\" fill=\"#093428\"\/>\r\n<path d=\"M33.8 34.0001H39L36.3 29.1001L44.6 14.7001H39.3L31 29.1001L33.8 34.0001Z\" fill=\"#093428\"\/>\r\n<path d=\"M31.0001 20.0001L28.3001 24.6001L17.1001 5.1001H22.4001L31.0001 20.0001Z\" fill=\"#093428\"\/>\r\n<path d=\"M31.0001 38.3001L28.3001 33.7001L25.4001 38.8001H30.7001L31.0001 38.3001Z\" fill=\"#093428\"\/>\r\n<\/svg>\n        \n        \n        \n            <\/div>\n    \n\n\n<\/div><div class=\"bde-text-97-159 bde-text\">\nLanglebige Materialien\n<\/div><div class=\"bde-text-97-160 bde-text\">\nWitterungsbest\u00e4ndig, UV-sicher und pflegeleicht.\n<\/div>\n<\/div>\n<\/div><\/div>\n<\/section><section class=\"bde-section-97-165 bde-section\">\n  \n\t\n\n\n\n<div class=\"section-container\"><div class=\"bde-gallery-97-164 bde-gallery\">\n\n\n\n\n\n\n\n\n\n\n\n\n\n<div class=\"ee-gallery ee-gallery--isotope ee-gallery--masonry ee-gallery--single ee-gallery--none ee-gallery-- ee-gallery--caption- ee-gallery--caption-none ee-gallery--ratio\">\n                  \n      <div class=\"ee-gallery-item ee-gallery-item--image ee-gallery-item--single\" href=\"https:\/\/www.xpressdruck.at\/wp-content\/uploads\/2025\/08\/PHOTO-2025-07-28-18-38-53-3.jpg\"  data-sub-html=\"\" data-category=\"1\"                  data-lg-size=\"906-573\"\n\n      >\n        <figure class=\"ee-gallery-item-figure\">\n                                    \n  \n  \n  \n  \n      \n      <img loading=\"lazy\" decoding=\"async\"\n      class=\"breakdance-image-object\"\n      src=\"https:\/\/www.xpressdruck.at\/wp-content\/uploads\/2025\/08\/PHOTO-2025-07-28-18-38-53-3.jpg\"\n      width=\"906\"\n      height=\"573\"\n      \n      \n                                    srcset=\"https:\/\/www.xpressdruck.at\/wp-content\/uploads\/2025\/08\/PHOTO-2025-07-28-18-38-53-3.jpg 906w, https:\/\/www.xpressdruck.at\/wp-content\/uploads\/2025\/08\/PHOTO-2025-07-28-18-38-53-3-300x190.jpg 300w, https:\/\/www.xpressdruck.at\/wp-content\/uploads\/2025\/08\/PHOTO-2025-07-28-18-38-53-3-768x486.jpg 768w\"\n                                                                      >\n  \n  \n          \n                  <\/figure>\n      <\/div>\n\n                \n      <div class=\"ee-gallery-item ee-gallery-item--image ee-gallery-item--single\" href=\"https:\/\/www.xpressdruck.at\/wp-content\/uploads\/2025\/08\/PHOTO-2025-07-28-18-38-54-5.jpg\"  data-sub-html=\"\" data-category=\"1\"                  data-lg-size=\"1261-706\"\n\n      >\n        <figure class=\"ee-gallery-item-figure\">\n                                    \n  \n  \n  \n  \n      \n      <img loading=\"lazy\" decoding=\"async\"\n      class=\"breakdance-image-object\"\n      src=\"https:\/\/www.xpressdruck.at\/wp-content\/uploads\/2025\/08\/PHOTO-2025-07-28-18-38-54-5-1024x573.jpg\"\n      width=\"1024\"\n      height=\"573\"\n      \n      \n                                    srcset=\"https:\/\/www.xpressdruck.at\/wp-content\/uploads\/2025\/08\/PHOTO-2025-07-28-18-38-54-5.jpg 1261w, https:\/\/www.xpressdruck.at\/wp-content\/uploads\/2025\/08\/PHOTO-2025-07-28-18-38-54-5-300x168.jpg 300w, https:\/\/www.xpressdruck.at\/wp-content\/uploads\/2025\/08\/PHOTO-2025-07-28-18-38-54-5-1024x573.jpg 1024w, https:\/\/www.xpressdruck.at\/wp-content\/uploads\/2025\/08\/PHOTO-2025-07-28-18-38-54-5-768x430.jpg 768w\"\n                                                                      >\n  \n  \n          \n                  <\/figure>\n      <\/div>\n\n                \n      <div class=\"ee-gallery-item ee-gallery-item--image ee-gallery-item--single\" href=\"https:\/\/www.xpressdruck.at\/wp-content\/uploads\/2025\/08\/PHOTO-2025-07-28-18-38-52.jpg\"  data-sub-html=\"\" data-category=\"1\"                  data-lg-size=\"1274-700\"\n\n      >\n        <figure class=\"ee-gallery-item-figure\">\n                                    \n  \n  \n  \n  \n      \n      <img loading=\"lazy\" decoding=\"async\"\n      class=\"breakdance-image-object\"\n      src=\"https:\/\/www.xpressdruck.at\/wp-content\/uploads\/2025\/08\/PHOTO-2025-07-28-18-38-52-1024x563.jpg\"\n      width=\"1024\"\n      height=\"563\"\n      \n      \n                                    srcset=\"https:\/\/www.xpressdruck.at\/wp-content\/uploads\/2025\/08\/PHOTO-2025-07-28-18-38-52.jpg 1274w, https:\/\/www.xpressdruck.at\/wp-content\/uploads\/2025\/08\/PHOTO-2025-07-28-18-38-52-300x165.jpg 300w, https:\/\/www.xpressdruck.at\/wp-content\/uploads\/2025\/08\/PHOTO-2025-07-28-18-38-52-1024x563.jpg 1024w, https:\/\/www.xpressdruck.at\/wp-content\/uploads\/2025\/08\/PHOTO-2025-07-28-18-38-52-768x422.jpg 768w\"\n                                                                      >\n  \n  \n          \n                  <\/figure>\n      <\/div>\n\n                \n      <div class=\"ee-gallery-item ee-gallery-item--image ee-gallery-item--single\" href=\"https:\/\/www.xpressdruck.at\/wp-content\/uploads\/2025\/08\/PHOTO-2025-07-28-18-38-53.jpg\"  data-sub-html=\"\" data-category=\"1\"                  data-lg-size=\"1513-1033\"\n\n      >\n        <figure class=\"ee-gallery-item-figure\">\n                                    \n  \n  \n  \n  \n      \n      <img loading=\"lazy\" decoding=\"async\"\n      class=\"breakdance-image-object\"\n      src=\"https:\/\/www.xpressdruck.at\/wp-content\/uploads\/2025\/08\/PHOTO-2025-07-28-18-38-53-1024x699.jpg\"\n      width=\"1024\"\n      height=\"699\"\n      \n      \n                                    srcset=\"https:\/\/www.xpressdruck.at\/wp-content\/uploads\/2025\/08\/PHOTO-2025-07-28-18-38-53.jpg 1513w, https:\/\/www.xpressdruck.at\/wp-content\/uploads\/2025\/08\/PHOTO-2025-07-28-18-38-53-300x205.jpg 300w, https:\/\/www.xpressdruck.at\/wp-content\/uploads\/2025\/08\/PHOTO-2025-07-28-18-38-53-1024x699.jpg 1024w, https:\/\/www.xpressdruck.at\/wp-content\/uploads\/2025\/08\/PHOTO-2025-07-28-18-38-53-768x524.jpg 768w\"\n                                                                      >\n  \n  \n          \n                  <\/figure>\n      <\/div>\n\n        \n      <div class=\"ee-gallery-gutter\"><\/div>\n  <\/div>\n\n\n\n<\/div><\/div>\n<\/section><div class=\"bde-globalblock-97-166 bde-globalblock\">\n<section class=\"bde-section-108-100 bde-section\">\n  \n\t\n\n\n\n<div class=\"section-container\"><div class=\"bde-div-108-101 bde-div\">\n  \n\t\n\n\n\n<div class=\"bde-div-108-102 bde-div\">\n  \n\t\n\n\n\n<div class=\"bde-image-108-103 bde-image\">\n  \n\n\n\n\n\n<figure class=\"breakdance-image breakdance-image--73\">\n\t<div class=\"breakdance-image-container\">\n\t\t<div class=\"breakdance-image-clip\">\n\t\t\t\n\t\t\t\t\n\t\t\t\t\t      \n  \n  \n  \n  \n      \n      <img loading=\"lazy\" decoding=\"async\"\n      class=\"breakdance-image-object\"\n      src=\"https:\/\/www.xpressdruck.at\/wp-content\/uploads\/2025\/07\/fox_2.png\"\n      width=\"1410\"\n      height=\"2048\"\n      \n      \n                                    srcset=\"https:\/\/www.xpressdruck.at\/wp-content\/uploads\/2025\/07\/fox_2.png 1410w, https:\/\/www.xpressdruck.at\/wp-content\/uploads\/2025\/07\/fox_2-207x300.png 207w, https:\/\/www.xpressdruck.at\/wp-content\/uploads\/2025\/07\/fox_2-705x1024.png 705w, https:\/\/www.xpressdruck.at\/wp-content\/uploads\/2025\/07\/fox_2-768x1116.png 768w, https:\/\/www.xpressdruck.at\/wp-content\/uploads\/2025\/07\/fox_2-1058x1536.png 1058w\"\n                                                                      >\n  \n\n\t\t\t\t\t\n\t\t\t\t\t\t<\/div>\n\t<\/div>\n\n\t<\/figure>\n\n<\/div>\n<\/div><div class=\"bde-div-108-105 bde-div\">\n  \n\t\n\n\n\n<h2 class=\"bde-heading-108-106 bde-heading\">\nSchnell. Pers\u00f6nlich. Vor Ort.\n<\/h2><div class=\"bde-text-108-107 bde-text\">\nSie wissen noch nicht genau, was Sie brauchen? Kein Problem! Kommen Sie vorbei \u2013 wir beraten Sie gerne direkt im Gesch\u00e4ft. Und wenn's schnell gehen muss, bieten wir auch einen Express-Druckservice an.\n<\/div><div class=\"bde-button-108-108 bde-button\">\n    \n                                    \n    \n    \n    \n    \n            \n                    \n            \n            \n\n    \n    \n    \n    \n    <a class=\"breakdance-link button-atom button-atom--primary bde-button__button\" href=\"https:\/\/www.xpressdruck.at\/index.php\/kontakt\/\" target=\"_self\" data-type=\"url\"  >\n\n    \n        <span class=\"button-atom__text\">Jetzt Angebot anfordern<\/span>\n\n        \n        \n                <\/a>\n\n    \n\n\n<\/div><div class=\"bde-div-108-109 bde-div\">\n  \n\t\n\n\n\n<div class=\"bde-columns-108-110 bde-columns\"><div class=\"bde-column-108-111 bde-column\">\n  \n\t\n\n\n\n<div class=\"bde-div-108-112 bde-div\">\n  \n\t\n\n\n\n<div class=\"bde-icon-108-113 bde-icon\">\n\n    \n            <div class=\"bde-icon-icon breakdance-icon-atom\" >\n    \n                    <svg xmlns=\"http:\/\/www.w3.org\/2000\/svg\" viewBox=\"0 0 512 512\"><!-- Font Awesome Free 5.15.1 by @fontawesome - https:\/\/fontawesome.com License - https:\/\/fontawesome.com\/license\/free (Icons: CC BY 4.0, Fonts: SIL OFL 1.1, Code: MIT License) --><path d=\"M448 0H64C28.7 0 0 28.7 0 64v288c0 35.3 28.7 64 64 64h96v84c0 7.1 5.8 12 12 12 2.4 0 4.9-.7 7.1-2.4L304 416h144c35.3 0 64-28.7 64-64V64c0-35.3-28.7-64-64-64zm16 352c0 8.8-7.2 16-16 16H288l-12.8 9.6L208 428v-60H64c-8.8 0-16-7.2-16-16V64c0-8.8 7.2-16 16-16h384c8.8 0 16 7.2 16 16v288z\"\/><\/svg>\n        \n        \n        \n            <\/div>\n    \n\n\n<\/div><div class=\"bde-text-108-114 bde-text\">\nE-Mail\n<\/div><a class=\"bde-text-link-108-115 bde-text-link breakdance-link\" href=\"mailto:office@xpressdruck.at?subject=&amp;body=\" target=\"_self\" data-type=\"contact\">\n  office@xpressdruck.at\n\n<\/a>\n<\/div>\n<\/div><div class=\"bde-column-108-116 bde-column\">\n  \n\t\n\n\n\n<div class=\"bde-div-108-117 bde-div\">\n  \n\t\n\n\n\n<div class=\"bde-icon-108-118 bde-icon\">\n\n    \n            <div class=\"bde-icon-icon breakdance-icon-atom\" >\n    \n                    <svg xmlns=\"http:\/\/www.w3.org\/2000\/svg\" viewBox=\"0 0 512 512\"><!-- Font Awesome Free 5.15.1 by @fontawesome - https:\/\/fontawesome.com License - https:\/\/fontawesome.com\/license\/free (Icons: CC BY 4.0, Fonts: SIL OFL 1.1, Code: MIT License) --><path d=\"M493.4 24.6l-104-24c-11.3-2.6-22.9 3.3-27.5 13.9l-48 112c-4.2 9.8-1.4 21.3 6.9 28l60.6 49.6c-36 76.7-98.9 140.5-177.2 177.2l-49.6-60.6c-6.8-8.3-18.2-11.1-28-6.9l-112 48C3.9 366.5-2 378.1.6 389.4l24 104C27.1 504.2 36.7 512 48 512c256.1 0 464-207.5 464-464 0-11.2-7.7-20.9-18.6-23.4z\"\/><\/svg>\n        \n        \n        \n            <\/div>\n    \n\n\n<\/div><div class=\"bde-text-108-119 bde-text\">\nTelefon\n<\/div><a class=\"bde-text-link-108-120 bde-text-link breakdance-link\" href=\"tel:0268298272\" target=\"_self\" data-type=\"contact\">\n  02682 98272\n\n<\/a>\n<\/div>\n<\/div><div class=\"bde-column-108-121 bde-column\">\n  \n\t\n\n\n\n<div class=\"bde-div-108-122 bde-div\">\n  \n\t\n\n\n\n<div class=\"bde-icon-108-123 bde-icon\">\n\n    \n            <div class=\"bde-icon-icon breakdance-icon-atom\" >\n    \n                    <svg xmlns=\"http:\/\/www.w3.org\/2000\/svg\" viewBox=\"0 0 288 512\"><!-- Font Awesome Free 5.15.1 by @fontawesome - https:\/\/fontawesome.com License - https:\/\/fontawesome.com\/license\/free (Icons: CC BY 4.0, Fonts: SIL OFL 1.1, Code: MIT License) --><path d=\"M112 316.94v156.69l22.02 33.02c4.75 7.12 15.22 7.12 19.97 0L176 473.63V316.94c-10.39 1.92-21.06 3.06-32 3.06s-21.61-1.14-32-3.06zM144 0C64.47 0 0 64.47 0 144s64.47 144 144 144 144-64.47 144-144S223.53 0 144 0zm0 76c-37.5 0-68 30.5-68 68 0 6.62-5.38 12-12 12s-12-5.38-12-12c0-50.73 41.28-92 92-92 6.62 0 12 5.38 12 12s-5.38 12-12 12z\"\/><\/svg>\n        \n        \n        \n            <\/div>\n    \n\n\n<\/div><div class=\"bde-text-108-124 bde-text\">\nStandort\n<\/div><a class=\"bde-text-link-108-125 bde-text-link breakdance-link\" href=\"#\" target=\"_self\">\n  Ruster Stra\u00dfe 120, 7000 Eisenstadt\n\n<\/a>\n<\/div>\n<\/div><\/div>\n<\/div>\n<\/div>\n<\/div><\/div>\n<\/section>\n<\/div>","protected":false},"excerpt":{"rendered":"<p>Werbung, die mitf\u00e4hrt. Sichtschutz, der wirkt. Ob Werbefolien f\u00fcr Ihre Firmenfahrzeuge oder Sonnenschutz f\u00fcr Ihre Fenster \u2013 XpressDruck bringt Ihre Botschaft auf die Stra\u00dfe und sorgt f\u00fcr mehr Sichtbarkeit, wo es z\u00e4hlt. Keine Vollfolierungen, daf\u00fcr gezielte L\u00f6sungen mit Stil, Wirkung und Langlebigkeit. Jetzt Beraten lassen Professionelle Teilfolierungen &#038;Sichtschutzl\u00f6sungen in Eisenstadt Unsere Folierungsleistungen konzentrieren sich auf [&hellip;]<\/p>\n","protected":false},"author":1,"featured_media":0,"parent":0,"menu_order":0,"comment_status":"closed","ping_status":"closed","template":"","meta":{"_breakdance_hide_in_design_set":false,"_breakdance_tags":"","footnotes":""},"class_list":["post-97","page","type-page","status-publish","hentry"],"_links":{"self":[{"href":"https:\/\/www.xpressdruck.at\/index.php\/wp-json\/wp\/v2\/pages\/97","targetHints":{"allow":["GET"]}}],"collection":[{"href":"https:\/\/www.xpressdruck.at\/index.php\/wp-json\/wp\/v2\/pages"}],"about":[{"href":"https:\/\/www.xpressdruck.at\/index.php\/wp-json\/wp\/v2\/types\/page"}],"author":[{"embeddable":true,"href":"https:\/\/www.xpressdruck.at\/index.php\/wp-json\/wp\/v2\/users\/1"}],"replies":[{"embeddable":true,"href":"https:\/\/www.xpressdruck.at\/index.php\/wp-json\/wp\/v2\/comments?post=97"}],"version-history":[{"count":25,"href":"https:\/\/www.xpressdruck.at\/index.php\/wp-json\/wp\/v2\/pages\/97\/revisions"}],"predecessor-version":[{"id":231,"href":"https:\/\/www.xpressdruck.at\/index.php\/wp-json\/wp\/v2\/pages\/97\/revisions\/231"}],"wp:attachment":[{"href":"https:\/\/www.xpressdruck.at\/index.php\/wp-json\/wp\/v2\/media?parent=97"}],"curies":[{"name":"wp","href":"https:\/\/api.w.org\/{rel}","templated":true}]}}